rue
Let w = 838 - 323. Suppose -2*x = 3*x - w. Is x a prime number?
True
Let x be 3148/(-6)*3/(-2). Let l = 1184 - x. Is l prime?
True
Suppose -5*c - 9 + 19 = 0. Is c - -4656 - (-5)/1 composite?
False
Suppose 0*y - i = -2*y + 3, -4*y - i + 21 = 0. Let r = y - -1. Suppose 2*o - r*o + 21 = 0. Is o composite?
False
Let c(v) = -v**3 - 13*v**2 - 11*v + 6. Let r be c(-11). Let q be (12/15)/((-2)/r). Let n = q - -63. Is n prime?
True
Suppose 21 = 3*y + 9. Suppose -y*a + 251 = -3*a. Is a prime?
True
Let l(o) = o - 3. Let u be l(3). Suppose u = 2*v + v. Suppose v = -7*p + 4*p + 147. Is p prime?
False
Let y(h) be the second derivative of -73*h**4/24 + h**3/3 - h**2/2 - 4*h. Let j(t) be the first derivative of y(t). Is j(-3) prime?
False
Is 2/7 + (-41898)/(-14) a composite number?
True
Let w = -742 - -1389. Is w a prime number?
True
Is ((-5764)/66)/(4/(-498)) a prime number?
False
Let t be -1315 + -4 + 2/2. Let r = 118 + -163. Is 15/r - t/3 a prime number?
True
Suppose -2*p - 2*p - 2*n = 94, 0 = -5*p - 3*n - 117. Let k = -16 - p. Is (1 - 3)*(-508)/k prime?
True
Suppose 7*j = 3*j + d + 17, 3*d + 3 = 0. Let b(z) = -14*z**2 + 0*z**3 - z**3 - 10 - 22*z - j. Is b(-15) composite?
False
Let w(b) = 44*b - 5. Let y be w(5). Suppose -2*i + y + 781 = 0. Suppose -2*l + 61 = -3*t + i, -3 = 3*l. Is t prime?
False
Let x(f) = -f**2 + 6*f + 2. Let z be x(5). Suppose -6*o + z*o - 15 = 0. Let s = 806 - o. Is s a composite number?
True
Let x(b) = 4*b**2 + 6 + 0*b - 5*b**2 - b**3 - 7*b + 2*b**2. Let y be x(4). Let t = y - -129. Is t a composite number?
False
Suppose 5*i + 0*i + 4*t - 1859 = 0, -747 = -2*i - 5*t. Let h = i + 122. Is h a prime number?
False
Let f = 27 + -25. Suppose 7772 + 4534 = -f*g. Is (1/(-3))/(7/g) a prime number?
True
Let g(m) = -42*m - 7. Let y be g(-5). Let u = y + -120. Is u a composite number?
False
Is (-1583567)/(-119) + 4/(-14) composite?
True
Let o be (3/2)/((52/8)/13). Let i(d) = 171*d - 10. Is i(o) a prime number?
True
Suppose 3*q - 7985 = -5*g, -2*g = -7*g - 4*q + 7990. Suppose 10*n - 11*n = -g. Is n prime?
False
Let m = -16544 + 30133. Is m a composite number?
True
Let h = 33 - 28. Let p(u) = 27*u + 4. Let i be p(h). Let l = 266 - i. Is l prime?
True
Let v be -2 - -21 - (0 - -3). Let n(i) = 3 + v*i - 11 - i - 6 - i**2. Is n(12) a composite number?
True
Suppose 0 = 4*k + 19379 - 91591. Is k prime?
False
Suppose 32*x = 37*x - 3*c - 115435, 4*c + 115435 = 5*x. Is x prime?
True
Let d(t) = t**3 + 9*t**2 + t + 11. Let l be d(-9). Let a(k) = 21*k - l*k + 5 + 25*k. Is a(6) composite?
False
Let x be (3 + 67/5)*(-3 - -8). Suppose 5*n - 1103 = 5*b + x, -3*n - b = -695. Is n prime?
True
Let j be (2/(-3))/((-8)/108). Let v = j + -7. Suppose n - 123 = v*x, -2*x = -n + x + 121. Is n a composite number?
False
Let s(y) be the third derivative of 35*y**4/24 + 4*y**3/3 - 5*y**2. Is s(7) a prime number?
False
Is (-51586)/((162/(-108))/(3/4)) a composite number?
False
Suppose 0 = 3*r + 4561 + 899. Let y = 3063 + r. Is y a prime number?
False
Let c = 38736 - 22121. Is c a prime number?
False
Suppose 0*j = -2*j + 4. Let k(z) = 6*z**2 - 5*z + 2. Let d be k(-2). Suppose -v = 3*h + 3*v - 58, -j*h + d = 4*v. Is h composite?
True
Is -1 + 2/6 - (-18791957)/831 a composite number?
False
Suppose 0 = -4*g + 2728 + 3156. Is g a composite number?
False
Let g be 1 + (-1)/(-4) + 42/24. Suppose -g*v - 2*j - j = -279, 5*v = 3*j + 433. Is v composite?
False
Suppose 3*s - 2 = s. Let d be (-3 - -2)/(s/4). Is (3 + d)/((-3)/21) a prime number?
True
Let q(l) = l**3 + 4*l**2 + l - 1. Let k be q(-3). Let c(m) = 166*m + 4. Let g be c(1). Suppose -3*o - g = -k*o. Is o a prime number?
False
Let o(y) be the second derivative of -57*y**3 - 29*y**2/2 - 2*y - 1. Is o(-8) composite?
False
Let w(b) = 68*b**3 + b. Let z be w(1). Let u(g) = -g**3 + 10*g**2 + g - 8. Let n be u(10). Suppose -p + n*p = z. Is p prime?
False
Let r = -8 - -10. Suppose 110 - 40 = r*m. Is m a prime number?
False
Suppose -69 + 169 = -5*u. Let v(h) = -h**3 - 18*h**2 + 7*h + 23. Is v(u) a prime number?
True
Let h = 961 - -5266. Is h a prime number?
False
Let b(z) = 13*z**2 + 4*z + 19. Let y = -6 + 18. Is b(y) composite?
True
Let t(l) be the first derivative of -l**4/4 - 3*l**3 - 9*l**2/2 - 9*l + 4. Let h be t(-8). Is 1*(-296 + 3)*h a prime number?
True
Let z = 15 - 12. Is -599*2*(84/(-8))/z a prime number?
False
Suppose n - 3*f = 21250, -4*f + 10330 - 74095 = -3*n. Is n a composite number?
True
Let z(q) = 9*q**2 - 11*q + 55. Is z(9) a composite number?
True
Suppose -6*o - 3364 = -8398. Is o prime?
True
Let x(i) = i**3 - 2*i**2 + i - 3. Let n be x(3). Let b(r) = -9*r + 20*r + n + r**3 - 5*r + 11*r**2. Is b(-7) a prime number?
True
Let w(q) = -162*q + 527. Is w(-25) a prime number?
False
Suppose 5*z - 3252 = 11413. Is z a composite number?
True
Suppose 3*n + p - 4062 - 3203 = 0, -2*p - 9670 = -4*n. Let s = 3801 - n. Is s a prime number?
True
Let z = 8721 + 3142. Is z composite?
False
Let f(g) = 166*g - 11. Let q be f(5). Let l = -466 + q. Is l composite?
False
Suppose 105 + 30 = 5*s. Let d be (-7 - -1)*(-4)/8. Suppose -d*y = -546 - s. Is y a composite number?
False
Suppose -l = 3*r + 2*l + 9, r = -4*l - 15. Is (-4 - r/(-1))/((-3)/37) prime?
True
Let q(u) = -2*u**3 + 3*u**2 + 6*u + 6. Suppose -7 = -4*y + 17. Let j be q(y). Is ((-14)/(-3))/((-4)/j) a prime number?
False
Let x(h) = h - 3. Let m be x(6). Let g be -3 + -41*(m - 10). Suppose -3*z + 859 + g = 0. Is z composite?
True
Is 2/16 + 50/(-400) - -14969 prime?
True
Suppose 2*t = 6, v - 4*t - 9 = -30. Let j(b) = b**2 + 7*b + 13. Let y(f) = 2*f**2 + 7*f + 13. Let d(z) = -3*j(z) + 2*y(z). Is d(v) a composite number?
False
Suppose 0 = -c - 2*q, 4*q = -5*c - 0*q + 12. Suppose 0*v + c*v = 3412. Is v prime?
True
Let o(y) = -10*y + 70. Let n be o(7). Suppose 3*r - 5*v - 1077 = 0, -4*r + v + 1436 = -n*v. Is r prime?
True
Suppose -q = 4*k + 63, 3*q + 1 = 4. Let b(o) = o**3 - 8*o**2 + 2*o - 8. Let n be b(8). Is (422/(-4))/(n/k) composite?
False
Let j(n) = -2*n**3 + 12*n**2 + 2*n - 7. Let t be j(6). Suppose -3*p + 2648 = t*v - 915, -2354 = -2*p + 2*v. Is p prime?
True
Is (-1)/((-18)/14060) - (-33)/(-297) prime?
False
Suppose 0 = -250*b + 260*b - 147850. Is b prime?
False
Let f(d) = 4*d**2 - d. Let r = 2 + -1. Let h be f(r). Suppose -5*c - h*k + 614 = 0, -c + 2*k + k = -112. Is c a prime number?
False
Suppose -4*t + 16 = -5*v, -5*t + 6*t - 4 = -5*v. Suppose -2*q + 5*w + 1392 = -v*w, 5*w + 10 = 0. Is q composite?
False
Let q(c) = 3*c + 9. Let a be q(-3). Suppose -u + 3*l + 496 = 3*u, a = u - 4*l - 137. Is u a composite number?
True
Suppose -8 = -f - 0*j + 5*j, 5*j = 5*f. Is (-2)/f + 382 + -4 a composite number?
False
Is (1/(-4))/(4260420/387312 + -11) prime?
True
Suppose -x + 3 = -0. Let d be (x/(-2))/((-9)/12). Let m = d + 5. Is m a composite number?
False
Let v(q) be the third derivative of -19*q**4/8 - q**3/3 - q**2. Is v(-17) a composite number?
False
Suppose -11*b = -30874 + 9435. Is b a prime number?
True
Let v(k) = -185*k - 8. Let u(f) = 62*f + 3. Let b(o) = -17*u(o) - 6*v(o). Let d = 193 + -189. Is b(d) a composite number?
True
Suppose -3*a + 13907 = 4*s, -28*a + 24*a = -4*s + 13872. Is s prime?
False
Suppose -5*u - 33 = -4*i, -3*i + 2*u + 2*u + 24 = 0. Suppose 0 = 3*j - 5*j + i. Is (-508)/(-6) + j/18 composite?
True
Is -633*(-6)/2 + -2 composite?
True
Let s(d) = 33*d**2 - 26*d + 31. Let f be s(24). Suppose 34*i = 39*i - f. Is i a prime number?
False
Suppose 0 = 5*j + 7*y - 4*y - 53359, 0 = 2*j + 4*y - 21338. Is j a prime number?
False
Let z(w) = -31*w + 29. Let i be z(4). Let m = -46 - i. Is m a prime number?
False
Is 16/(-9) - 22/99 - -789 a composite number?
False
Let c(w) = -w**3 - 13*w**2 + 4*w + 6. Let o be c(-11). Let m = 81 - o. Is m prime?
False
Is 98827368/328 + (-44)/(-902) prime?
True
Is 124/310*(-19030)/(-4) prime?
False
Let f(y) = 10*y**2 + 22*y + 31. Is f(9) a composite number?
False
Let h(i) = 220*i - 13. Let t(u) = -221*u + 13. Let c(l) = 3*h(l) + 4*t(l). Is c(-6) composite?
True
Let o(p) = 15*p + 29. Let k(w) = -16*w - 28. Let t(z) = 6*k(z) + 5*o(z). Is t(-10) a composite number?
True
Is 42435/1 - 12/(144/(-84)) composite?
True
Let m(c) = 2*c**3 + 5*c**2 + 7*c + 4. Let w(b) = -b**3 - 4*b**2 - 6*b - 3. Let s(n) = -2*m(n) - 3*w(n). Is s(-3) composite?
True
Suppos